q - 7*i + 2*i + 891, 4*q + 3*i = 3598. What are the prime factors of q?
17, 53
Suppose 13*p = 16118 + 35089. List the prime factors of p.
3, 13, 101
Suppose -10*t - 10 = -5*q - 11*t, 5*q - 4*t - 35 = 0. Let m(x) be the first derivative of x**2 + 2*x + 1. What are the prime factors of m(q)?
2
Let d(z) = -6*z - 11. Let m be d(-10). Let o = m - -10. What are the prime factors of o?
59
Suppose 47 = j + 10. Suppose 36*d - j*d = -165. What are the prime factors of d?
3, 5, 11
Let n(q) = q**3 + 4*q**2 - 9*q - 4. Let c be n(-5). Suppose l + 3*l = c. List the prime factors of l.
2
Let f(o) = -172*o + 128. List the prime factors of f(-12).
2, 137
Let h = -567 + 738. List the prime factors of h.
3, 19
Let l(r) = 2 - 13 + 4 - 25*r + 4. List the prime factors of l(-7).
2, 43
Let y(t) be the first derivative of t**4/4 + 7*t**3/3 + 4*t**2 + 3*t - 116. Suppose 20 = -4*n - 0. What are the prime factors of y(n)?
13
Suppose 3*r - 3*y = 33, 5*r - 5*y - 35 = -4*y. Let z(o) = o**3 + 7*o**2 + 4*o. Let n be z(-6). Let w = n + r. List the prime factors of w.
2, 3
Let g = -22 + 17. Let l be (-1 - -8) + 3 + g. Suppose -3*f = -l*f + 62. List the prime factors of f.
31
Suppose -3*w + 2*f + 8514 = 2*w, 3414 = 2*w - 5*f. What are the prime factors of w?
2, 23, 37
List the prime factors of (-68)/(-102)*471/2.
157
Suppose -7*p + 19258 - 1121 = 0. List the prime factors of p.
2591
Suppose -49 = -3*s - 5*t, 5*s = t - 0*t + 35. Suppose -s = -0*r - 2*r. Suppose -r*x - 65 = -5*x. List the prime factors of x.
5, 13
Let c(v) = 44*v**3 - 2*v**2 + 2*v. What are the prime factors of c(3)?
2, 3, 7
Let n(u) = -u**3 + 7*u**2 - 6*u + 3. Let k be n(6). Let o be k - ((-1 - -1) + -3). Suppose -5*y = -o*y + 10. What are the prime factors of y?
2, 5
Let l = 1247 + -761. Let m = l - 165. What are the prime factors of m?
3, 107
Let g = 40 + -36. List the prime factors of (-497)/(-14) - (-2)/g.
2, 3
List the prime factors of (-26)/(-12 + -1) - (-1 - 6676).
6679
Let d(o) = -2*o**3 + 106*o**2 + 27*o + 16. What are the prime factors of d(53)?
1447
Let a = 4162 + -2492. What are the prime factors of a?
2, 5, 167
Let d = -3916 + 5966. List the prime factors of d.
2, 5, 41
Suppose 2 = -2*j + j. Let v be (-1 - -4) + 25 - j. Suppose -s = -2*x + 45, -5*x + v = 4*s - 50. List the prime factors of x.
2, 5
Suppose 5*n - 6*o = -o - 35, -4*o - 12 = 0. Suppose 0 = -7*l + 3*l - 8, 3*p + 49 = -5*l. Let v = n - p. What are the prime factors of v?
3
Suppose -18 = -3*k - 12. Suppose 0 = -5*z - 3*d, -2*z - k*z - 8 = 4*d. What are the prime factors of z?
3
Suppose y = 3*k + 167, -6*k - 686 = -4*y - 3*k. Let v = y + -111. List the prime factors of v.
2, 31
Let l(c) = -c**2 - c. Let x(u) = 5*u**2 + 6*u + 4. Let y(t) = 2*l(t) + x(t). Let r be y(-4). Suppose 0 = 2*j - 68 - r. What are the prime factors of j?
2, 13
Let h(r) = 26*r**3 - r**2 - 2*r + 1. Let p be h(-2). Let v = 107 - p. List the prime factors of v.
2, 157
Let r(b) = b**3 + 23*b**2 + 8*b + 36. What are the prime factors of r(-18)?
2, 3, 7
Suppose -13*v = -10*v - 15, -4*o = 5*v - 6317. List the prime factors of o.
11, 13
Let a(v) = v**3 + v**2 + 4. Let o be a(0). Suppose -o*x + 8 = -z - 2*z, 3*x = 4*z - 1. Suppose -41 = -4*p + 3*q + 41, -2*q = z. List the prime factors of p.
19
Suppose 0 = 9*j - 1287 - 3546. List the prime factors of j.
3, 179
Let p = -94 + 90. What are the prime factors of (-613)/(-4) - (-1)/p?
3, 17
Suppose -298 = -4*g - 5*n + 2196, 3*g - 1888 = 5*n. What are the prime factors of g?
2, 313
Let r be 82/5 + 6/(-15). Suppose -2*c + 3*c - r = q, -44 = 3*q - 2*c. Let s = 13 - q. List the prime factors of s.
5
Let o(y) = -y**3 - 7*y**2 - 4*y - 3. Let s be o(-6). Suppose 0 = -2*a + 5*n + 38, 4*a - 67 - 9 = 5*n. Let l = s + a. What are the prime factors of l?
2
Let m be -2 + 50 - 1/((-4)/(-16)). Let t = m - 12. What are the prime factors of t?
2
Let u be (1881/(-15))/((-4)/(-5) + -1). Suppose 3*g + 0*g = u. What are the prime factors of g?
11, 19
Suppose 4*r + 84 = 3*x + 381, -4*r - 273 = 3*x. What are the prime factors of 3 - x/(-30) - (-157)/6?
2, 13
Suppose 45*x = 27*x + 5328. What are the prime factors of x?
2, 37
Let t(j) = j**2 - 23*j - 43. Let q be t(22). What are the prime factors of (4212/q)/((-7)/(-10) - 1)?
2, 3
Suppose -f = -39 - 37. Let i be 237*(-1 - (-4)/3). Suppose 5*d = i + f. What are the prime factors of d?
31
Let n(z) be the first derivative of 7*z**2/2 - 9*z + 2. Let x be n(8). Let v = -33 + x. List the prime factors of v.
2, 7
Let o be 4/10 + 3/5. Suppose -s + 2*x - 2 = -0*x, -4*s = -x + o. Suppose s = -3*q + 8*q - 30. What are the prime factors of q?
2, 3
Suppose -205 = -2*b + 5*s, 12*b + 2*s - 355 = 9*b. List the prime factors of b.
5, 23
Suppose 0 = 4*i - 4*k - 36, -i = -4*i - 5*k - 13. List the prime factors of -21 + 22 - -28*i.
113
Suppose 0 = 2*u - 0*u + 8, -5*r + 4*u = -106. Suppose -4*v + r = 3*k - v, -k = -4*v - 26. Let y(c) = 3*c - 13. List the prime factors of y(k).
17
Let x = 590 + -460. What are the prime factors of x?
2, 5, 13
Let f = -41 + 297. Let l = -133 + f. What are the prime factors of l?
3, 41
Let o be (-8)/2 - 2444/(-26). Suppose 3*t - i = -0*i + 119, 2*t = -2*i + o. Let f = -11 + t. What are the prime factors of f?
2, 3, 5
Let w(d) = -978*d - 87. What are the prime factors of w(-2)?
3, 7, 89
Let w = 29 - 29. Suppose w*k - 552 = -4*k. Suppose 3*y - 3*j = k, -j = -5*j + 4. List the prime factors of y.
47
Suppose 4*y - 7 = 13. Suppose y*w + 5*t = 1010, 6*t + 853 = 4*w + t. What are the prime factors of w?
3, 23
Let l(r) = -r - 6. Let t be l(-8). Let n be -1 + t - (-3 + 6). List the prime factors of (n + 3)*26*1.
2, 13
Let c = 43 - -22. Suppose 0 = -a + c + 60. List the prime factors of a.
5
Suppose -23*w + 16385 + 17264 = 0. What are the prime factors of w?
7, 11, 19
Let p(h) = -h**3 - 2*h**2 - 2*h - 2. Let s be p(-2). Let j(y) = 74*y + 12. List the prime factors of j(s).
2, 5
Let v(z) = -z**2 - 3*z + 6. Suppose -10*x - 16 = -6*x. Let h(q) = -3*q**2 - 10*q + 17. Let n(c) = x*h(c) + 11*v(c). List the prime factors of n(-8).
2, 3
Let y be 0/(8/4 - 1). Let x be (18/(-4) - -4)*y. Suppose n - 3*v - 59 = x, 10 - 95 = -2*n - 5*v. What are the prime factors of n?
2, 5
Let q(p) = 422*p - 2. Let l be q(1). Suppose 0 = 4*z - l - 600. List the prime factors of z.
3, 5, 17
Suppose -5 = -5*n, -5*z + 5*n = n - 221. Suppose 5*s = 4*s + z. List the prime factors of s.
3, 5
Let j(a) = -3*a + 46. Let h(f) = -5*f. Let x be h(4). List the prime factors of j(x).
2, 53
Suppose 8 = -f + 2. Let g(t) be the second derivative of t**5/20 + 7*t**4/12 + 5*t**3/6 + 5*t**2/2 - 9*t. What are the prime factors of g(f)?
11
Let i be 0 - 0 - (-1 + 3). Let r be 12/18*9/i. What are the prime factors of ((-24)/(-10) + r)*-25?
3, 5
Suppose 0 = -5*g + 3*i + 3110, -7*g - 5*i - 1866 = -10*g. List the prime factors of g.
2, 311
Let j(l) = 63*l + 32. List the prime factors of j(8).
2, 67
Let m(p) = 115*p**2 - 13*p + 40. List the prime factors of m(4).
2, 457
Let k(y) = -2*y - 9. Let d be k(-9). Suppose 0 = -d*q + 4*q. Suppose 4*f - 41 - 3 = q. List the prime factors of f.
11
Suppose 3*v + 2*a = 38, -56 = -v - 3*v - 4*a. Suppose v*k - 7*k - 507 = 0. List the prime factors of k.
13
Let u = -6168 + 9303. Suppose 5*s = -10*s + u. List the prime factors of s.
11, 19
Let k(i) = 56*i - 8. Let n(a) = -57*a + 10. Let y(s) = 3*k(s) + 2*n(s). Let d = -2 + 3. List the prime factors of y(d).
2, 5
Suppose 0 = -7*p - 61 + 5. Let a be (10/8)/(3/12). Let i = a - p. What are the prime factors of i?
13
Suppose 68 = 5*c + 8. What are the prime factors of 1/c*9*4?
3
Suppose 0 = -o + 4*o + 2*k + 6, -k - 3 = -2*o. Suppose o = 12*s - 13*s. Suppose 2*n + 116 = 2*d, -n + 1 - 2 = s. List the prime factors of d.
3, 19
Let q = 43 + -130. Let o = 65 - q. What are the prime factors of o?
2, 19
Suppose 0 = 7*u - 286 - 288. Suppose -3*i + u = -i. List the prime factors of i.
41
What are the prime factors of 38/(-57) - 10204/(-6)?
2, 5, 17
Suppose -4*c - 51 = 3*p, -3*c - 5*p - 27 = 14. Let q = 20 + c. What are the prime factors of q?
2
Suppose 1 + 0 = -a. Let j be (4/12)/(a/(-15)). Suppose 0 = j*c - 2 - 13. List the prime factors of c.
3
Let m(w) = -w**3 - 5*w**2 + 9*w - 7. Let t be m(-7). Let k be 10/15 + t/(-6). What are the prime factors of (2 - 29)/(6/k)?
2, 3
Let o = 6123 - 406